1 = 3*v, -3*v + 1 = -3*m - v. What is y(m)?
-1
Let m(x) be the third derivative of -x**5/60 + x**4/3 + 13*x**3/6 + 33*x**2. Give m(10).
-7
Let q be (-138)/(-24) + 1/4. Let v(f) = 9*f**3 + f**2 - 13*f + 10. Let y(s) = -5*s**3 - s**2 + 7*s - 5. Let h(t) = q*v(t) + 11*y(t). Calculate h(-5).
10
Let f(s) = 3*s - 6*s + 4 - 2*s**2 + 7*s. Let z(w) be the first derivative of w**3 - 4*w**2 - 7*w - 2. Let k(m) = 5*f(m) + 3*z(m). Calculate k(-4).
-1
Let j(f) = -f**3 - f**2 - 2*f + 49. Let q be j(0). Let m = 7 + -4. Suppose 2*w = -m*h + 3, -5*h - q = -2*w - 22. Let d(u) = -u**3 + 7*u**2 - 5*u. What is d(w)?
6
Let k(n) = -n**3 + 2*n**2 + 2. Let w be k(2). Let u(m) = m - w*m + 3 + 2*m + 0*m. What is u(6)?
9
Let z(l) = 11*l**3 + 2*l**2 - 1. Let r(b) = b - 2. Let p = 10 + -9. Let f be r(p). Calculate z(f).
-10
Let j = -2 + 6. Suppose -j*l = -3*l - 5. Suppose -2*v = 5*i + l, 0*v + 3*i - 16 = -5*v. Let s(k) = 2*k - 2. What is s(v)?
8
Let r = 36 + -32. Let y(s) be the third derivative of -s**4/12 + s**3/6 - s**2. Calculate y(r).
-7
Let d(h) be the first derivative of -h**2 + 5*h - 35. Determine d(4).
-3
Let c(l) be the second derivative of l**3/3 + 3*l**2/2 - 24*l. Let d(v) = v**2 - v + 1. Let s be d(2). Suppose -8 = s*h + 4. Give c(h).
-5
Let j(i) = -5*i**3 + 3*i**2 + 5*i + 2. Let r(c) = 6*c**3 - 4*c**2 - 6*c - 2. Let v(z) = -5*j(z) - 4*r(z). Calculate v(-2).
-4
Let j = 11 - 7. Let c(s) = 7*s**3 - 3*s**2 - 7*s + 8. Let q(f) = -10*f**3 + 5*f**2 + 10*f - 12. Let w(u) = 7*c(u) + 5*q(u). Determine w(j).
0
Let u(r) = -r**2 + 2*r - 2. Let v = 12 - 13. Let z(n) = -2*n + 0*n + n. Let x(f) = v*u(f) - 2*z(f). Calculate x(0).
2
Suppose 5*x - 2*d + 21 = 0, 14 = -3*x - d - 3. Let j be (-10)/(-6) + 2/6. Let z(q) = 4*q - 6 + q**2 - q**j + q**2. Give z(x).
-1
Let r(s) = -s + 3. Let c(v) = -2*v - 9. Let j(f) = -4*f - 19. Let b(u) = -9*c(u) + 4*j(u). Let m = 12 - 17. Let y be b(m). What is r(y)?
8
Let u(f) = -f**2 + 4*f - 6. Suppose -2*k - 14 = -m, 6*k - 5*k = -4*m + 11. What is u(m)?
-6
Let m = 84 - 84. Let z(x) = -x - 3. Calculate z(m).
-3
Let y(c) = 6*c**3 + 10*c**2 - c + 1. Let u = 0 + 5. Let w(j) = 7*j**3 + 11*j**2 - 2*j + 1. Let p(k) = u*w(k) - 6*y(k). Give p(-3).
-7
Let j(w) = -w + 1. Let p be j(-6). Let h(c) = 3*c + 15. Let x(r) = r + 5. Let d(o) = p*x(o) - 2*h(o). What is d(4)?
9
Let o(p) = 2*p + 4. Suppose -s - 6 = -2. Let y = s - -7. Suppose y*j + 8 = -1. Give o(j).
-2
Let x(u) be the first derivative of u**4/4 - u**3 - 7*u**2/2 - 2*u - 20. Give x(5).
13
Suppose 2*s + c - 14 = -1, s = 2*c - 1. Let u(k) = 2*k + 4*k**3 - 3*k**3 - 4 + s*k**2 + 0. Give u(-4).
4
Suppose 0 = -3*k, -4*k - 25 = -6*q + q. Suppose -4*d - 4*v = -28 + 8, 2*v = 2. Let j(g) = d*g**2 + 4*g - g**3 + 1 - g + 0*g. Give j(q).
-9
Suppose -2*s + 0*s = 0. Let b = 19 - 11. Let t(o) = 0*o**2 - 3*o + 0*o**2 + 2*o + b - o**3. Give t(s).
8
Let q be (-18)/4*3/((-36)/16). Let o(l) = l**3 - 5*l**2 - 6*l + 6. Give o(q).
6
Suppose -4 - 1 = -5*v. Let k = v + 1. Let z(x) = 3*x - x - x**2 + 0*x + k. Give z(4).
-6
Let u be 1/(2*(-2)/(-8)). Let x be u/(-7) + 52/(-14). Let g(m) = 2*m - 3. Let o(v) = -v + 3. Let n(b) = x*g(b) - 5*o(b). Calculate n(-2).
3
Let d(h) = h + 1. Let b(r) = -6*r - 5. Let g(m) = 2*b(m) + 11*d(m). Determine g(3).
-2
Let p(a) be the first derivative of -9*a - 1/2*a**2 - 1. Suppose -8*q - 5 = -7*q. Give p(q).
-4
Let j(v) = 3*v**2 - v - 3*v**2 + v**3 + 2*v**3. Suppose -2*p + 22 = -2*m - 3*m, 2*m = 3*p - 11. Determine j(p).
2
Let y(q) = 10*q + 8. Let g(x) = -4 - 11 + 0 - 19*x. Let o(m) = -6*g(m) - 11*y(m). Let z(b) = -2*b + 5. Let w be z(4). Calculate o(w).
-10
Let c = -4 + 8. Let f(i) = i**2 - 4*i. Let z be f(c). Let n(q) = -q - 1. Let t(b) = 3*b - 1. Let u(g) = -2*n(g) - t(g). Determine u(z).
3
Let z(o) = -o**3 + o**2 + o + 8. Let a(q) = -2*q + 28. Let y be a(14). Calculate z(y).
8
Suppose -3*g + 1 - 4 = 0. Let i(l) = -2*l**2 + l. Let u(x) = -x**3 + x**2. Let m(a) = g*i(a) - u(a). What is m(-2)?
-2
Suppose -5 = -4*l - 5*v - 26, -l + 2*v = 2. Let c(r) = 7*r - 13*r + 3*r**2 - 7 + 0 + 2 + r**3. Give c(l).
3
Let u be ((0 - 1) + 0)*-5. Suppose 3*t - 57 = -0*t. Let f(c) = 6*c**2 + 1 - t*c - c**3 + 2 + 13*c. Calculate f(u).
-2
Suppose -2*t + 16 + 1 = j, -2*t - 3*j + 27 = 0. Let o = t + -5. Let d(x) = -x - 1. What is d(o)?
-2
Let c(q) be the first derivative of -q**2/2 - 2. Let v(l) = 4*l + 4. Let m(o) = -6*c(o) - v(o). What is m(5)?
6
Let c(r) = r**3 - 6*r**2 + 2*r - 6. Let p(m) = -2*m**3 - 2*m**2 - 2. Let i be p(-2). Give c(i).
6
Let j(z) be the first derivative of -z**2 - 5. Determine j(1).
-2
Let f(c) = c**2 + 5*c. Let o = 4 - 9. Calculate f(o).
0
Let j(y) = -5*y**2 + 6*y**2 - 3 - 3*y + y**2. Let s be j(3). Let a(x) = x**3 - 5*x**2 - 8*x + 7. What is a(s)?
-5
Let g(p) = 4*p - 5. Let x(c) = c**2 - 13*c + 30. Let w be x(9). Suppose -2*m = -0*m + 2. Let n(f) = f + 1. Let s(h) = m*g(h) + w*n(h). What is s(-1)?
9
Let m(w) be the second derivative of -w**6/120 - w**5/12 + w**4/4 + 5*w**3/6 - w**2/2 + w. Let x(o) be the first derivative of m(o). Calculate x(-6).
5
Let l(t) = 2*t**2 - 5*t - 2. Let h(p) = 12*p**3 + 2*p**2 - 2*p + 1. Let a be h(1). Let u(x) = -x + 17. Let g be u(a). What is l(g)?
10
Let m = -31 - -25. Let l(c) = -2*c - 8. What is l(m)?
4
Suppose -2*k + 4*h - 14 = -42, -4*k + 44 = -5*h. Let b(i) = i**3 + 6*i**2 + 7*i + 6. Let u be b(-5). Let s = u + k. Let p(o) = -o**2 + 1. Give p(s).
-3
Let z = 15 + -12. Let u(i) be the second derivative of -i**6/120 + i**5/15 - i**4/24 - i**3/6 - i**2/2 + i. Let d(r) be the first derivative of u(r). Give d(z).
5
Let m(v) = -3*v**3 - 3*v**2 + 3*v - 1. Let j(d) = -3*d**3 - 2*d**2 + 2*d - 1. Let a(c) = 3*j(c) - 2*m(c). Suppose 9*z = -8*z + 17. What is a(z)?
-4
Suppose 6 = 2*u + 2. Let x(i) = -2*i**3 + 4*i**u + i**3 + 4*i + 6 + 2 + i**2. Give x(6).
-4
Let l(k) = k**3 - 6*k**2 - 8*k + 1. Let s be l(7). Let g = -3 - s. Let m(z) = -z**2 + z + 1. Determine m(g).
-5
Let a(n) = -5*n**2 - 6*n. Let b be 1 + -1*(-20)/(-4). Let l(m) = 6*m**2 + 7*m + 1. Let f(k) = b*l(k) - 5*a(k). Determine f(-4).
4
Suppose -8 = -3*a + 7. Let t(g) = 0*g - g + g**2 - a - 3*g. Suppose 4*i + b = 19, 2*b + 15 + 2 = 3*i. What is t(i)?
0
Let f(p) = -p**2 - 4*p - 3. Suppose 4 = -0*z + z. Let v = -6 + z. Give f(v).
1
Let x(h) be the first derivative of h**3/3 - 4*h - 16. Calculate x(-3).
5
Let m(i) = -i**2 - 15*i + 22. Let y be m(-16). Let j be y + 0 + -4 + -3. Let b(x) = 2*x + 1. Calculate b(j).
-1
Let l(d) = -3*d + 4. Let g be (1/(-2))/(3/(-18)). Determine l(g).
-5
Let a(d) = 1 + 4*d - d + 0*d. Give a(3).
10
Let i(a) = -4*a + 9. Suppose 3*z = 7*z - 24. Calculate i(z).
-15
Let q(t) = -t**3 - 2*t**2 - t - 3. Let k = -2 - -2. Let x = -3 + k. Give q(x).
9
Let m(p) = -p**2 - p + 6. Let x(f) be the first derivative of 2*f**3/3 + f - 1. Let n be x(1). Suppose 2*b + s + 16 = -n*s, 5*s + 20 = -4*b. Give m(b).
6
Let d(f) = -5*f**3 - 7*f**2 + 3*f + 1. Let l(k) = 14*k**3 + 20*k**2 - 8*k - 3. Let q(a) = 11*d(a) + 4*l(a). Determine q(-3).
-4
Let f(b) be the first derivative of b**2 - b - 11. Determine f(2).
3
Let z(t) = -t**3 + 2*t**2 + 5*t - 3. Let x(b) = b**2 - 4*b. Let y(s) = -s**2 + 4*s. Let u(v) = -3*x(v) - 2*y(v). Let o be u(3). Give z(o).
3
Let o = -24 + 32. Let d(r) = r - o + 3*r**2 + 2*r**3 + 9 + r. What is d(-2)?
-7
Let p(j) = -2*j - 7. Let a be p(-4). Let w(f) be the first derivative of -8*f - a - 1/2*f**2. Determine w(-5).
-3
Let f(b) = b + 1. Let v(l) = 3*l**3 - 2*l**2 + 1. Let u be v(-1). What is f(u)?
-3
Let d(b) = b - 1. Let q be (0 - (-34)/9) + 10/45. Calculate d(q).
3
Let q be (0 - 2)*6/(-4). Let a(d) = -d. Let o be a(-3). Let b(j) = -2*j**3 + 2*j + 10 - q + o*j**3 + 5*j**2. Calculate b(-5).
-3
Let y(d) = 8*d + 1. Let x = 57 - 56. What is y(x)?
9
Let i(s) = -2 + 2833*s - 2834*s + 4. Let c be (-1 - -1 - -5)*1. Suppose l - 16 = c*l. Give i(l).
6
Let z(x) = -x**2 - 7*x - 7. Let h(m) = m**2 + m - 5. Let a be h(0). Let s be z(a). Let c be 5/5 - (1 + s). Let b(y) = y + 2. Calculate b(c).
-1
Let i(s) = 5*s**3 + 8*s**2 - 2*s - 1. Let f(h) = 6*h**3 + 9*h**2 - h. Let q(d) = -4*f(d) + 5*i(d). Let t be q(-5). Let r(u) = -u**2 + u - 7. Determine r(t).
-7
Let b = -2 - -5. Let s be (-4)/6 + 2/b. Let k(l) = s*l + l - 7*l. What is k(1)?
-6
Let t(f) = -10*f**2 - 6. Let g = 2 - 3. Suppose 12*h - 9*h = 24. Let n(